{"id":638,"date":"2025-05-12T08:49:34","date_gmt":"2025-05-12T08:49:34","guid":{"rendered":"https:\/\/test.wp10.ulm.schule\/?page_id=638"},"modified":"2025-06-03T13:19:24","modified_gmt":"2025-06-03T13:19:24","slug":"unterstuetzte-kommunikation","status":"publish","type":"page","link":"https:\/\/gustav-werner-schulkindergarten.de\/index.php\/unterstuetzte-kommunikation\/","title":{"rendered":"Unterst\u00fctzte Kommunikation"},"content":{"rendered":"\n<h1 class=\"wp-block-heading\">Unterst\u00fctzte Kommunikation <\/h1>\n\n\n\n<hr class=\"wp-block-separator has-text-color has-theme-palette-9-color has-alpha-channel-opacity has-theme-palette-9-background-color has-background is-style-wide\"\/>\n\n\n\n<p class=\"has-theme-palette-9-color has-text-color has-link-color wp-elements-50aa6ea06e0bfb9584b33bc9dd7ba70c\"><\/p>\n\n\n\n<p class=\"has-theme-palette-9-color has-text-color has-link-color wp-elements-50aa6ea06e0bfb9584b33bc9dd7ba70c\"><\/p>\n\n\n\n<div class=\"wp-block-columns alignwide is-layout-flex wp-container-core-columns-is-layout-829b1d53 wp-block-columns-is-layout-flex\" style=\"margin-bottom:0\">\n<div class=\"wp-block-column has-text-color has-background has-link-color wp-elements-fc2e9e5961344d3ed2fd3df8d2180f3f is-layout-flow wp-block-column-is-layout-flow\" style=\"color:#000000;background-color:#ffe97d;padding-top:2em;padding-right:2em;padding-bottom:2em;padding-left:2em\"><div id=\"metaslider-id-900\" style=\"width: 100%;\" class=\"ml-slider-3-108-0 metaslider metaslider-flex metaslider-900 ml-slider has-dots-nav ms-theme-bitono\" role=\"region\" aria-label=\"New Slideshow\" data-height=\"800\" data-width=\"1800\">\n    <div id=\"metaslider_container_900\">\n        <div id=\"metaslider_900\">\n            <ul class='slides'>\n                <li style=\"display: block; width: 100%;\" class=\"slide-901 ms-image \" aria-roledescription=\"slide\" data-date=\"2025-05-30 05:52:59\" data-filename=\"IMG_7431-scaled-1800x800.jpg\" data-slide-type=\"image\"><img loading=\"lazy\" decoding=\"async\" src=\"https:\/\/gustav-werner-schulkindergarten.de\/wp-content\/uploads\/2025\/05\/IMG_7431-scaled-1800x800.jpg\" height=\"800\" width=\"1800\" alt=\"\" class=\"slider-900 slide-901 msDefaultImage\" title=\"IMG_7431\" \/><\/li>\n                <li style=\"display: none; width: 100%;\" class=\"slide-905 ms-image \" aria-roledescription=\"slide\" data-date=\"2025-05-30 05:53:21\" data-filename=\"Unterstuetzte-Kommunikation1-scaled-1800x800.jpg\" data-slide-type=\"image\"><img loading=\"lazy\" decoding=\"async\" src=\"https:\/\/gustav-werner-schulkindergarten.de\/wp-content\/uploads\/2025\/05\/Unterstuetzte-Kommunikation1-scaled-1800x800.jpg\" height=\"800\" width=\"1800\" alt=\"\" class=\"slider-900 slide-905 msDefaultImage\" title=\"Unterst\u00fctzte Kommunikation1\" \/><\/li>\n                <li style=\"display: none; width: 100%;\" class=\"slide-906 ms-image \" aria-roledescription=\"slide\" data-date=\"2025-05-30 05:53:21\" data-filename=\"Unterstuetzte-Kommunikation2-scaled-1800x800.jpg\" data-slide-type=\"image\"><img loading=\"lazy\" decoding=\"async\" src=\"https:\/\/gustav-werner-schulkindergarten.de\/wp-content\/uploads\/2025\/05\/Unterstuetzte-Kommunikation2-scaled-1800x800.jpg\" height=\"800\" width=\"1800\" alt=\"\" class=\"slider-900 slide-906 msDefaultImage\" title=\"Unterst\u00fctzte Kommunikation2\" \/><\/li>\n                <li style=\"display: none; width: 100%;\" class=\"slide-907 ms-image \" aria-roledescription=\"slide\" data-date=\"2025-05-30 05:53:21\" data-filename=\"Unterstuetzte-Kommunikation3-scaled-1800x800.jpg\" data-slide-type=\"image\"><img loading=\"lazy\" decoding=\"async\" src=\"https:\/\/gustav-werner-schulkindergarten.de\/wp-content\/uploads\/2025\/05\/Unterstuetzte-Kommunikation3-scaled-1800x800.jpg\" height=\"800\" width=\"1800\" alt=\"\" class=\"slider-900 slide-907 msDefaultImage\" title=\"Unterst\u00fctzte Kommunikation3\" \/><\/li>\n            <\/ul>\n        <\/div>\n        \n    <\/div>\n<\/div>\n\n\n\n<p>Unterst\u00fctzte Kommunikation ist im Schulkindergarten f\u00fcr Kinder mit dem F\u00f6rderschwerpunkt geistige Entwicklung ein wichtiger Bestandteil der ganzheitlichen F\u00f6rderung. Sie erm\u00f6glicht es, den Kindern sich verst\u00e4ndlich zu machen, ihre Bed\u00fcrfnisse und W\u00fcnsche auszudr\u00fccken und aktiv am Gruppenleben teilzunehmen. Durch gezielte Unterst\u00fctzung mit Geb\u00e4rden, Piktogrammen oder technischen Hilfsmitteln, k\u00f6nnen Kinder ihre Kommunikationsf\u00e4higkeiten entwickeln und Selbstvertrauen gewinnen. UK tr\u00e4gt dazu bei, Barrieren abzubauen, soziale Kontakte zu st\u00e4rken und die individuelle Entwicklung jedes Kindes zu f\u00f6rdern.<\/p>\n<\/div>\n<\/div>\n","protected":false},"excerpt":{"rendered":"<p>Unterst\u00fctzte Kommunikation Unterst\u00fctzte Kommunikation ist im Schulkindergarten f\u00fcr Kinder mit dem F\u00f6rderschwerpunkt geistige Entwicklung ein wichtiger Bestandteil der ganzheitlichen F\u00f6rderung. Sie erm\u00f6glicht es, den Kindern sich verst\u00e4ndlich zu machen, ihre Bed\u00fcrfnisse und W\u00fcnsche auszudr\u00fccken und aktiv am Gruppenleben teilzunehmen. Durch gezielte Unterst\u00fctzung mit Geb\u00e4rden, Piktogrammen oder technischen Hilfsmitteln, k\u00f6nnen Kinder ihre Kommunikationsf\u00e4higkeiten entwickeln und Selbstvertrauen&#8230;<\/p>\n","protected":false},"author":2,"featured_media":0,"parent":0,"menu_order":0,"comment_status":"closed","ping_status":"closed","template":"","meta":{"_kadence_starter_templates_imported_post":false,"_kad_post_transparent":"","_kad_post_title":"","_kad_post_layout":"","_kad_post_sidebar_id":"","_kad_post_content_style":"","_kad_post_vertical_padding":"","_kad_post_feature":"","_kad_post_feature_position":"","_kad_post_header":false,"_kad_post_footer":false,"_kad_post_classname":"","_mc_calendar":[],"footnotes":""},"class_list":["post-638","page","type-page","status-publish","hentry"],"_links":{"self":[{"href":"https:\/\/gustav-werner-schulkindergarten.de\/index.php\/wp-json\/wp\/v2\/pages\/638","targetHints":{"allow":["GET"]}}],"collection":[{"href":"https:\/\/gustav-werner-schulkindergarten.de\/index.php\/wp-json\/wp\/v2\/pages"}],"about":[{"href":"https:\/\/gustav-werner-schulkindergarten.de\/index.php\/wp-json\/wp\/v2\/types\/page"}],"author":[{"embeddable":true,"href":"https:\/\/gustav-werner-schulkindergarten.de\/index.php\/wp-json\/wp\/v2\/users\/2"}],"replies":[{"embeddable":true,"href":"https:\/\/gustav-werner-schulkindergarten.de\/index.php\/wp-json\/wp\/v2\/comments?post=638"}],"version-history":[{"count":22,"href":"https:\/\/gustav-werner-schulkindergarten.de\/index.php\/wp-json\/wp\/v2\/pages\/638\/revisions"}],"predecessor-version":[{"id":1036,"href":"https:\/\/gustav-werner-schulkindergarten.de\/index.php\/wp-json\/wp\/v2\/pages\/638\/revisions\/1036"}],"wp:attachment":[{"href":"https:\/\/gustav-werner-schulkindergarten.de\/index.php\/wp-json\/wp\/v2\/media?parent=638"}],"curies":[{"name":"wp","href":"https:\/\/api.w.org\/{rel}","templated":true}]}}