{"id":645,"date":"2025-05-12T08:51:10","date_gmt":"2025-05-12T08:51:10","guid":{"rendered":"https:\/\/test.wp10.ulm.schule\/?page_id=645"},"modified":"2025-06-03T13:56:42","modified_gmt":"2025-06-03T13:56:42","slug":"wahrnehmungsfoerderung","status":"publish","type":"page","link":"https:\/\/gustav-werner-schulkindergarten.de\/index.php\/wahrnehmungsfoerderung\/","title":{"rendered":"Wahrnehmungsf\u00f6rderung"},"content":{"rendered":"\n<h1 class=\"wp-block-heading\">Wahrnehmungsf\u00f6rderung <\/h1>\n\n\n\n<hr class=\"wp-block-separator has-text-color has-theme-palette-9-color has-alpha-channel-opacity has-theme-palette-9-background-color has-background is-style-wide\"\/>\n\n\n\n<p><\/p>\n\n\n\n<p><\/p>\n\n\n\n<p><\/p>\n\n\n\n<div class=\"wp-block-columns alignwide is-layout-flex wp-container-core-columns-is-layout-829b1d53 wp-block-columns-is-layout-flex\" style=\"margin-bottom:0\">\n<div class=\"wp-block-column has-text-color has-background has-link-color wp-elements-07fa5b39231cf1865b10d252cbe58d3a is-layout-flow wp-block-column-is-layout-flow\" style=\"color:#000000;background-color:#c0ebf1;padding-top:2em;padding-right:2em;padding-bottom:2em;padding-left:2em\"><div id=\"metaslider-id-942\" style=\"width: 100%;\" class=\"ml-slider-3-108-0 metaslider metaslider-flex metaslider-942 ml-slider has-dots-nav ms-theme-bitono\" role=\"region\" aria-label=\"New Slideshow\" data-height=\"800\" data-width=\"1800\">\n    <div id=\"metaslider_container_942\">\n        <div id=\"metaslider_942\">\n            <ul class='slides'>\n                <li style=\"display: block; width: 100%;\" class=\"slide-952 ms-image \" aria-roledescription=\"slide\" data-date=\"2025-05-30 06:23:47\" data-filename=\"WahrnehmungsfoerderungTitel-1-scaled-1800x800.jpg\" data-slide-type=\"image\"><img loading=\"lazy\" decoding=\"async\" src=\"https:\/\/gustav-werner-schulkindergarten.de\/wp-content\/uploads\/2025\/05\/WahrnehmungsfoerderungTitel-1-scaled-1800x800.jpg\" height=\"800\" width=\"1800\" alt=\"\" class=\"slider-942 slide-952 msDefaultImage\" title=\"Wahrnehmungsf\u00f6rderungTitel\" \/><\/li>\n                <li style=\"display: none; width: 100%;\" class=\"slide-948 ms-image \" aria-roledescription=\"slide\" data-date=\"2025-05-30 06:23:47\" data-filename=\"Wahrnehmungsfoerderung1-scaled-1800x800.jpg\" data-slide-type=\"image\"><img loading=\"lazy\" decoding=\"async\" src=\"https:\/\/gustav-werner-schulkindergarten.de\/wp-content\/uploads\/2025\/05\/Wahrnehmungsfoerderung1-scaled-1800x800.jpg\" height=\"800\" width=\"1800\" alt=\"\" class=\"slider-942 slide-948 msDefaultImage\" title=\"Wahrnehmungsf\u00f6rderung1\" \/><\/li>\n                <li style=\"display: none; width: 100%;\" class=\"slide-949 ms-image \" aria-roledescription=\"slide\" data-date=\"2025-05-30 06:23:47\" data-filename=\"Wahrnehmungsfoerderung2-scaled-1800x800.jpg\" data-slide-type=\"image\"><img loading=\"lazy\" decoding=\"async\" src=\"https:\/\/gustav-werner-schulkindergarten.de\/wp-content\/uploads\/2025\/05\/Wahrnehmungsfoerderung2-scaled-1800x800.jpg\" height=\"800\" width=\"1800\" alt=\"\" class=\"slider-942 slide-949 msDefaultImage\" title=\"Wahrnehmungsf\u00f6rderung2\" \/><\/li>\n                <li style=\"display: none; width: 100%;\" class=\"slide-950 ms-image \" aria-roledescription=\"slide\" data-date=\"2025-05-30 06:23:47\" data-filename=\"Wahrnehmungsfoerderung3-scaled-1800x800.jpg\" data-slide-type=\"image\"><img loading=\"lazy\" decoding=\"async\" src=\"https:\/\/gustav-werner-schulkindergarten.de\/wp-content\/uploads\/2025\/05\/Wahrnehmungsfoerderung3-scaled-1800x800.jpg\" height=\"800\" width=\"1800\" alt=\"\" class=\"slider-942 slide-950 msDefaultImage\" title=\"Wahrnehmungsf\u00f6rderung3\" \/><\/li>\n                <li style=\"display: none; width: 100%;\" class=\"slide-951 ms-image \" aria-roledescription=\"slide\" data-date=\"2025-05-30 06:23:47\" data-filename=\"Wahrnehmungsfoerderung4-scaled-1800x800.jpg\" data-slide-type=\"image\"><img loading=\"lazy\" decoding=\"async\" src=\"https:\/\/gustav-werner-schulkindergarten.de\/wp-content\/uploads\/2025\/05\/Wahrnehmungsfoerderung4-scaled-1800x800.jpg\" height=\"800\" width=\"1800\" alt=\"\" class=\"slider-942 slide-951 msDefaultImage\" title=\"Wahrnehmungsf\u00f6rderung4\" \/><\/li>\n            <\/ul>\n        <\/div>\n        \n    <\/div>\n<\/div>\n\n\n\n<p>Wahrnehmungsf\u00f6rderung ist wichtig, um Kindern mit dem F\u00f6rderschwerpunkt geistige Entwicklung zu helfen, ihre Sinne besser wahrzunehmen und die Umwelt zu verstehen. Das unterst\u00fctzt ihre Entwicklung und f\u00f6rdert ihre Selbstst\u00e4ndigkeit. In unserem Sinnesraum werden visuelle, akustische und haptische Reize angeboten.<\/p>\n<\/div>\n<\/div>\n\n\n\n<p><\/p>\n","protected":false},"excerpt":{"rendered":"<p>Wahrnehmungsf\u00f6rderung Wahrnehmungsf\u00f6rderung ist wichtig, um Kindern mit dem F\u00f6rderschwerpunkt geistige Entwicklung zu helfen, ihre Sinne besser wahrzunehmen und die Umwelt zu verstehen. Das unterst\u00fctzt ihre Entwicklung und f\u00f6rdert ihre Selbstst\u00e4ndigkeit. In unserem Sinnesraum werden visuelle, akustische und haptische Reize angeboten.<\/p>\n","protected":false},"author":2,"featured_media":0,"parent":0,"menu_order":0,"comment_status":"closed","ping_status":"closed","template":"","meta":{"_kadence_starter_templates_imported_post":false,"_kad_post_transparent":"","_kad_post_title":"","_kad_post_layout":"","_kad_post_sidebar_id":"","_kad_post_content_style":"","_kad_post_vertical_padding":"","_kad_post_feature":"","_kad_post_feature_position":"","_kad_post_header":false,"_kad_post_footer":false,"_kad_post_classname":"","_mc_calendar":[],"footnotes":""},"class_list":["post-645","page","type-page","status-publish","hentry"],"_links":{"self":[{"href":"https:\/\/gustav-werner-schulkindergarten.de\/index.php\/wp-json\/wp\/v2\/pages\/645","targetHints":{"allow":["GET"]}}],"collection":[{"href":"https:\/\/gustav-werner-schulkindergarten.de\/index.php\/wp-json\/wp\/v2\/pages"}],"about":[{"href":"https:\/\/gustav-werner-schulkindergarten.de\/index.php\/wp-json\/wp\/v2\/types\/page"}],"author":[{"embeddable":true,"href":"https:\/\/gustav-werner-schulkindergarten.de\/index.php\/wp-json\/wp\/v2\/users\/2"}],"replies":[{"embeddable":true,"href":"https:\/\/gustav-werner-schulkindergarten.de\/index.php\/wp-json\/wp\/v2\/comments?post=645"}],"version-history":[{"count":3,"href":"https:\/\/gustav-werner-schulkindergarten.de\/index.php\/wp-json\/wp\/v2\/pages\/645\/revisions"}],"predecessor-version":[{"id":1043,"href":"https:\/\/gustav-werner-schulkindergarten.de\/index.php\/wp-json\/wp\/v2\/pages\/645\/revisions\/1043"}],"wp:attachment":[{"href":"https:\/\/gustav-werner-schulkindergarten.de\/index.php\/wp-json\/wp\/v2\/media?parent=645"}],"curies":[{"name":"wp","href":"https:\/\/api.w.org\/{rel}","templated":true}]}}