{"id":740,"date":"2025-05-15T04:50:17","date_gmt":"2025-05-15T04:50:17","guid":{"rendered":"https:\/\/test.wp10.ulm.schule\/?page_id=740"},"modified":"2025-06-04T09:48:06","modified_gmt":"2025-06-04T09:48:06","slug":"welche-kinder","status":"publish","type":"page","link":"https:\/\/gustav-werner-schulkindergarten.de\/index.php\/welche-kinder\/","title":{"rendered":"Welche Kinder"},"content":{"rendered":"\n<h2 class=\"wp-block-heading\">Welche Kinder besuchen den Schulkindergarten?<\/h2>\n\n\n\n<hr class=\"wp-block-separator has-text-color has-theme-palette-9-color has-alpha-channel-opacity has-theme-palette-9-background-color has-background is-style-wide\"\/>\n\n\n\n<div class=\"wp-block-columns alignwide is-layout-flex wp-container-core-columns-is-layout-829b1d53 wp-block-columns-is-layout-flex\" style=\"margin-bottom:0\">\n<div class=\"wp-block-column has-text-color has-background has-link-color wp-elements-37d7cc4e4b0feb332d75255dc8d42efe is-layout-flow wp-block-column-is-layout-flow\" style=\"color:#000000;background-color:#d1aedc;padding-top:2em;padding-right:2em;padding-bottom:2em;padding-left:2em\">\n<ul class=\"wp-block-list\">\n<li>Der Gustav-Werner-Schulkindergarten, ist eine Einrichtung f\u00fcr Kinder, <br>mit dem F\u00f6rderschwerpunkt &#8222;geistige Entwicklung&#8220;<\/li>\n\n\n\n<li>Unsere Einrichtung besuchen Kinder im Alter von 3 Jahren bis zu Beginn der Schulpflicht.<\/li>\n\n\n\n<li>Die Aufnahme und F\u00f6rderm\u00f6glichkeiten in einem Regelkindergarten scheinen nicht m\u00f6glich oder sind ersch\u00f6pft<\/li>\n<\/ul>\n<\/div>\n<\/div>\n\n\n\n<p><\/p>\n","protected":false},"excerpt":{"rendered":"<p>Welche Kinder besuchen den Schulkindergarten?<\/p>\n","protected":false},"author":2,"featured_media":0,"parent":0,"menu_order":0,"comment_status":"closed","ping_status":"closed","template":"","meta":{"_kadence_starter_templates_imported_post":false,"_kad_post_transparent":"","_kad_post_title":"","_kad_post_layout":"","_kad_post_sidebar_id":"","_kad_post_content_style":"","_kad_post_vertical_padding":"","_kad_post_feature":"","_kad_post_feature_position":"","_kad_post_header":false,"_kad_post_footer":false,"_kad_post_classname":"","_mc_calendar":[],"footnotes":""},"class_list":["post-740","page","type-page","status-publish","hentry"],"_links":{"self":[{"href":"https:\/\/gustav-werner-schulkindergarten.de\/index.php\/wp-json\/wp\/v2\/pages\/740","targetHints":{"allow":["GET"]}}],"collection":[{"href":"https:\/\/gustav-werner-schulkindergarten.de\/index.php\/wp-json\/wp\/v2\/pages"}],"about":[{"href":"https:\/\/gustav-werner-schulkindergarten.de\/index.php\/wp-json\/wp\/v2\/types\/page"}],"author":[{"embeddable":true,"href":"https:\/\/gustav-werner-schulkindergarten.de\/index.php\/wp-json\/wp\/v2\/users\/2"}],"replies":[{"embeddable":true,"href":"https:\/\/gustav-werner-schulkindergarten.de\/index.php\/wp-json\/wp\/v2\/comments?post=740"}],"version-history":[{"count":7,"href":"https:\/\/gustav-werner-schulkindergarten.de\/index.php\/wp-json\/wp\/v2\/pages\/740\/revisions"}],"predecessor-version":[{"id":1087,"href":"https:\/\/gustav-werner-schulkindergarten.de\/index.php\/wp-json\/wp\/v2\/pages\/740\/revisions\/1087"}],"wp:attachment":[{"href":"https:\/\/gustav-werner-schulkindergarten.de\/index.php\/wp-json\/wp\/v2\/media?parent=740"}],"curies":[{"name":"wp","href":"https:\/\/api.w.org\/{rel}","templated":true}]}}